mmon factor of y and 250.
125
Suppose -5*r + 134 = 3*t, -3 = -4*r + 1. Suppose 5*u + a - 11 = t, 4*u + a - 43 = 0. Calculate the highest common factor of 88 and u.
11
Let m(u) = 8*u - 16. Let w be m(14). Suppose 8*f = 11*f - w. Let g = -21 + f. Calculate the highest common factor of g and 11.
11
Suppose 56 = 2*g - 0*g. Let o(x) = -x**3 - x**2 + 6*x - 1. Let m be o(3). Let b = m + g. Calculate the highest common divisor of b and 72.
9
Let h(d) = -d**3 + 34*d**2 - 15*d - 42. Let b be h(18). Calculate the greatest common divisor of b and 28.
28
Let k be (-95 - 13)*2*-2. Calculate the highest common divisor of k and 48.
48
Let g(l) = -l**3 - 14*l**2 - 192. Let o be g(-15). Let a be (2 - 0)/2*55. What is the greatest common factor of o and a?
11
Let a = 1 + 1. Suppose 12 = 2*c - 3*d - 6, 2*c + d - a = 0. Suppose k - 5 = -c. What is the greatest common factor of k and 4?
2
Let a be (-6 - 45/(-9)) + 21. Suppose 0 = 3*h - 91 - 209. Calculate the greatest common factor of a and h.
20
Suppose -3*r - 3*h + 261 = -471, -5*r + 1202 = -4*h. Let i be 2/(-10) - r/(-10). Let p = 30 - i. What is the highest common divisor of 4 and p?
2
Let j be 21 - 3/2*50/(-15). Let h(c) = c**3 + 10*c**2 - 3*c - 4. Let y be h(-9). What is the greatest common factor of y and j?
26
Let w(y) = -4*y**3 - 6*y**2 + 7*y + 20. Let x be w(-3). What is the highest common divisor of 848 and x?
53
Let v be (4 - 4) + (0 - -96). Let p(y) = -5*y + 52. Let k be p(8). Calculate the greatest common factor of v and k.
12
Suppose 0 = -w - 0 + 3, -2*h = -2*w + 2. Let q be -4*(21/h)/7. Let l be 6/(-2) + (0 - q). Calculate the highest common factor of l and 9.
3
Suppose 3*l + 3*i - 1 = -4, 0 = l + 2*i + 2. Suppose 5*h + 0*h = l. Suppose -2*p + h + 14 = 0. Calculate the greatest common factor of p and 7.
7
Let a(j) = 5*j**2 + 18*j + 13. Let q be a(-8). Calculate the highest common factor of 14 and q.
7
Let u(j) = 4*j**2 - 4*j + 5. Let w be u(11). Suppose -393 = -4*i + 5*y, -y - 2*y + w = 5*i. Let k = 137 - i. Calculate the greatest common factor of k and 15.
15
Suppose -3*i + 21 = 2*q - 2*i, 0 = -q - 5*i + 15. Calculate the greatest common divisor of 430 and q.
10
Suppose 54 = 4*b - 458. Suppose -3*g + 4*l = -b, g - 5*g = -3*l - 173. Let i be (g/6)/(12/144). Calculate the greatest common factor of i and 8.
8
Let k(z) = 32*z**2 - 17*z + 4. Let x be k(2). What is the highest common factor of 70 and x?
14
Let s(m) = -2*m + 29. Let l be s(12). Let x be 493/l + (-2)/(-5)*1. What is the greatest common factor of x and 9?
9
Let j(r) = 8*r**2 - r + r + 104*r**3 - 103*r**3 + 3. Let f(b) = 3*b + 4. Let n be f(-4). Let k be j(n). Calculate the greatest common divisor of 2 and k.
1
Suppose -5 = 17*m - 90. Suppose -i + 4*g + 8 = 11, -g = -m*i + 61. Calculate the greatest common divisor of 91 and i.
13
Let z be 10 + (-11)/22 + 2/(-4). What is the greatest common divisor of z and 27?
9
Let w(b) = 4*b + 32. Let y be w(-4). What is the highest common factor of 64 and y?
16
Let w(m) = 6*m**2 + 9*m - 4. Let j = 55 - 59. Let z be w(j). Let t be 42*-2*3/(-9). Calculate the highest common factor of z and t.
28
Let n = -297 + 506. Let a(r) = 6*r**2 + 2*r - 1. Let p be a(-2). What is the greatest common factor of p and n?
19
Let i(z) = 14*z - 23. Let x be i(2). Suppose -3*k + 2*q - 4*q = -210, 5*k + 4*q - 348 = 0. Let j = x + k. Calculate the greatest common factor of j and 11.
11
Suppose 5*m + 367 = -3*q + 4*q, -136 = 2*m - 4*q. Let t = m - -116. What is the greatest common divisor of 28 and t?
14
Let z be 20/(-5)*(2 + -4). Let y = z - -12. What is the greatest common divisor of 10 and y?
10
Suppose -1010 = -21*m + 460. Calculate the greatest common divisor of m and 60.
10
Let o(q) = -q + 9. Let v be o(0). Let m(l) = -v - l**2 - 25*l + 18*l + 3*l**2. Let d be m(-4). What is the highest common factor of 34 and d?
17
Let i = 158 + -70. Let d be 11/55 - (-218)/10. Calculate the highest common factor of i and d.
22
Let d(j) = -j**2 - 12*j + 89. Let w be d(-17). Let v(a) = -a**2 + a + 8. Let q be v(0). Calculate the highest common factor of w and q.
4
Let o(m) = -m**3 - 7*m**2 - m + 9. Suppose -2*x = x + 21. Let h be o(x). What is the highest common divisor of h and 2?
2
Suppose -10*d + 1254 = 9*d. What is the highest common divisor of 110 and d?
22
Suppose -5*t + y = -25, -8*y + 6*y = t + 6. Suppose 6*k + t - 22 = 0. What is the highest common divisor of 4 and k?
1
Let n = 684 + -601. What is the greatest common factor of 581 and n?
83
Let h be 20 - (4 - (-3 + 4)). Let o(n) = h - 16 - 6*n + 29*n. Let s be o(1). What is the highest common factor of 6 and s?
6
Let u(z) = -z - 2. Let j be u(-4). Let b = 53 + -47. Suppose 5*l + 5*s - 53 = 3*l, 0 = -l + 4*s - b. What is the highest common divisor of j and l?
2
Let x be (4/(-2))/((-58)/580). Let f(c) = -2*c**3 - 2*c**2 + c - 3. Let t be f(-3). What is the greatest common divisor of x and t?
10
Suppose 0 = 11*c - 8*c - 270. Calculate the greatest common divisor of c and 765.
45
Let y = -19 - -46. Calculate the greatest common divisor of y and 216.
27
Suppose 6*i - 2*i = 0. Suppose -3*q = -i*q - 3. Let n be ((-2)/(-6))/(19/57). Calculate the greatest common factor of n and q.
1
Suppose 0 = -2*n - 0*b - 4*b + 42, -5*n = -3*b - 40. What is the highest common factor of n and 99?
11
Let z = -271 - -541. Suppose -2*b = -5*u - 282, 0 = 5*b + 15 + 5. Let h = -28 - u. Calculate the greatest common divisor of h and z.
30
Suppose -5*n + 268 = 4*v, -3*n + 53 = 5*v - 113. Calculate the greatest common factor of n and 2132.
52
Let n be (3/((-9)/2))/((-148)/21978). Calculate the greatest common divisor of n and 66.
33
Suppose 33 - 221 = -5*u - 4*i, 2*u + 3*i - 78 = 0. Suppose -2*k + 8 + 18 = 0. Let n be 2 + (-1 - 2) + k. What is the greatest common divisor of n and u?
12
Suppose 0 = -2*n + 2*u + 6, -u - 21 = -5*n - 6. Let k(q) = -6*q + 24. Let s be k(n). Calculate the highest common divisor of 18 and s.
6
Suppose 4*s - 190 = -126. What is the highest common factor of 592 and s?
16
Let w be (2/(-4))/(1 + (-235)/230). Calculate the greatest common factor of w and 253.
23
Let i(k) be the third derivative of 23*k**4/24 + 29*k**3/6 + 31*k**2. Let f be i(4). What is the greatest common divisor of f and 11?
11
Suppose 0 = -p + 261 + 43. Calculate the highest common factor of 19 and p.
19
Suppose 5*p - 140 = 3*m - 2*m, 3*m = -3*p + 66. What is the greatest common factor of 216 and p?
27
Let t(w) = 2*w**2 + 10*w + 26. Let z be t(-7). Calculate the greatest common factor of 729 and z.
27
Let l = -9 - -14. Suppose l*m = 3*k + 3 - 11, 0 = -5*k - 5*m. What is the highest common divisor of 8 and k?
1
Let n be 1/(-1)*(-11 + -37). Suppose -1120 = -12*m - 23*m. What is the greatest common factor of m and n?
16
Suppose -4*j + 199 = -689. Suppose 72 = -3*m + j. Let b = -48 + 68. Calculate the greatest common factor of b and m.
10
Let z(r) = r**2 + 8*r + 150. Let l be z(0). Calculate the greatest common divisor of 90 and l.
30
Suppose 0 = 3*m - 553 + 70. What is the greatest common factor of m and 7?
7
Let w be 5 + (3 - 7) - -20. Suppose -5*s - k + 111 = 0, w = -s + 4*k + 60. Let m = -11 + s. What is the highest common factor of m and 108?
12
Let g be 27/189 - (-6718)/14. What is the highest common divisor of g and 96?
96
Let i = 1792 - 1263. Calculate the greatest common factor of 23 and i.
23
Let k(j) = -19*j - 4. Let z = 16 + -18. Let u be k(z). What is the highest common divisor of 85 and u?
17
Suppose 12 + 32 = j. What is the highest common divisor of 4 and j?
4
Let d(c) = -22*c. Let p(n) = n. Let s(h) = -6*h - 5. Let g(k) = 4*p(k) + s(k). Let m be g(-2). Let u be d(m). Calculate the highest common factor of 22 and u.
22
Let v = 4605 - 2305. What is the greatest common factor of v and 92?
92
Let k = 19 + -14. Suppose -j - j + 2*f + 14 = 0, -k*j + 35 = -4*f. What is the greatest common factor of j and 35?
7
Suppose 0 = -i + 68 + 4. Suppose 133*z - 137*z = -72. Calculate the greatest common factor of z and i.
18
Let b(c) = -70*c + 20. Let g be b(-1). What is the highest common divisor of 645 and g?
15
Let i = 1911 + -1879. Suppose v - 5*v + 192 = 0. Calculate the highest common divisor of i and v.
16
Let c be (270 - 213)*(-4)/(-3). What is the greatest common factor of 836 and c?
76
Suppose 2*d - 2*b = 40, -d 